{"id":289,"date":"2024-02-08T15:29:50","date_gmt":"2024-02-08T18:29:50","guid":{"rendered":"https:\/\/loja.tecnoweb.com.br\/index.php\/product\/sistema-lince-copy\/"},"modified":"2024-08-09T11:32:08","modified_gmt":"2024-08-09T14:32:08","slug":"sistema-ommini","status":"publish","type":"product","link":"https:\/\/loja.tecnoweb.com.br\/index.php\/product\/sistema-ommini\/","title":{"rendered":"Sistema Ommini (Bi &#8211; Bam)"},"content":{"rendered":"\n<p>O mercado e os consumidores exigem que voc\u00ea interaja em todos os meios, tenha o Sistema Ommini em qualquer lugar do mundo. Com o Ommini, tenha todos os indicadores na palma das suas m\u00e3os, acess\u00edveis de qualquer lugar pela web, seja pelo celular, tablet ou computador. Receba tamb\u00e9m relat\u00f3rios, gr\u00e1ficos e indicadores via e-mail. Al\u00e9m disso, receba alertas para ficar atento aos indicadores do seu neg\u00f3cio!<\/p>\n\n\n\n<div style=\"height:38px\" aria-hidden=\"true\" class=\"wp-block-spacer\"><\/div>\n\n\n\n<figure class=\"wp-block-image size-full is-resized is-style-default\"><img fetchpriority=\"high\" decoding=\"async\" width=\"2200\" height=\"1314\" src=\"https:\/\/loja.tecnoweb.com.br\/wp-content\/uploads\/2024\/02\/ommini-telas.png\" alt=\"\" class=\"wp-image-291\" style=\"aspect-ratio:1.7777777777777777;object-fit:cover;width:776px;height:auto\" srcset=\"https:\/\/loja.tecnoweb.com.br\/wp-content\/uploads\/2024\/02\/ommini-telas.png 2200w, https:\/\/loja.tecnoweb.com.br\/wp-content\/uploads\/2024\/02\/ommini-telas-1536x917.png 1536w, https:\/\/loja.tecnoweb.com.br\/wp-content\/uploads\/2024\/02\/ommini-telas-2048x1223.png 2048w, https:\/\/loja.tecnoweb.com.br\/wp-content\/uploads\/2024\/02\/ommini-telas-200x119.png 200w, https:\/\/loja.tecnoweb.com.br\/wp-content\/uploads\/2024\/02\/ommini-telas-600x358.png 600w\" sizes=\"(max-width: 2200px) 100vw, 2200px\" \/><\/figure>\n\n\n\n<div style=\"height:38px\" aria-hidden=\"true\" class=\"wp-block-spacer\"><\/div>\n\n\n\n<p>Acompanhe em tempo real tudo que acontece na sua loja e tome decis\u00f5es estrat\u00e9gicas com agilidade atrav\u00e9s do seu dashboard, uma ferramenta de gest\u00e3o que concentra todos ou os principais dados de uma empresa, de forma intuitiva e visual. O dashboard permite acompanhar os principais indicadores al\u00e9m de acelerar as tomadas de decis\u00e3o para a melhor gest\u00e3o da empresa, permite tamb\u00e9m acompanhar e divulgar os resultados obtidos. A pr\u00e1tica da apura\u00e7\u00e3o de resultados obrigar\u00e1 sua empresa a manter toda a opera\u00e7\u00e3o bem organizada; muito bem documentada. No final do m\u00eas voc\u00ea confrontar\u00e1 as vendas realizadas, com os custos vari\u00e1veis, com as despesas comerciais, com as despesas fixas e conferir\u00e1 se obteve resultado positivo &#8211; lucro, ou negativo &#8211; preju\u00edzo.<\/p>\n\n\n\n<div style=\"height:38px\" aria-hidden=\"true\" class=\"wp-block-spacer\"><\/div>\n\n\n\n<p>O sistema Ommini funciona anexado ao sistema Lince, instantaneamente, enviando todos os dados para um Servidor Cloud, ou seja, a cada venda realizada no caixa, o sistema j\u00e1 captura a informa\u00e7\u00e3o e apresenta para an\u00e1lise no Ommini sem interven\u00e7\u00e3o do usu\u00e1rio. O Sistema Ommini \u00e9 a poderosa ferramenta para gerenciar seus neg\u00f3cios e a solu\u00e7\u00e3o mais moderna em tecnologia de gest\u00e3o para o mercado varejista de alimentos. Certamente, quanto mais voc\u00ea dominar os aspectos do seu neg\u00f3cio, mais h\u00e1bil ser\u00e1 para encontrar solu\u00e7\u00f5es.<\/p>\n\n\n\n<div style=\"height:38px\" aria-hidden=\"true\" class=\"wp-block-spacer\"><\/div>\n\n\n\n<p class=\"has-luminous-vivid-orange-color has-text-color has-link-color wp-elements-4a8e9b44186f498a9a180c663c51f293\"><strong>Caracter\u00edsticas do Sistema Ommini:<\/strong><\/p>\n\n\n\n<div style=\"height:38px\" aria-hidden=\"true\" class=\"wp-block-spacer\"><\/div>\n\n\n\n<p><br>\u2714\ufe0f Software de gerenciamento na nuvem;<br>\u2714\ufe0f Utiliza tecnologia avan\u00e7ada e moderna;<br>\u2714\ufe0f N\u00e3o requer instala\u00e7\u00e3o;<br>\u2714\ufe0f N\u00e3o requer manuten\u00e7\u00e3o e pode ser usado em qualquer micro ou dispositivo m\u00f3vel;<br>\u2714\ufe0f Os dados s\u00e3o exportados do Sistema Lince sem interven\u00e7\u00e3o dos colaboradores;<br>\u2714\ufe0f Envio de relat\u00f3rios de an\u00e1lise e gest\u00e3o di\u00e1ria e mensal para os e-mails dos propriet\u00e1rios e gerentes;<br>\u2714\ufe0f Altamente robusto e de usabilidade simples e f\u00e1cil para sua equipe.<\/p>\n\n\n\n<div style=\"height:38px\" aria-hidden=\"true\" class=\"wp-block-spacer\"><\/div>\n\n\n\n<figure class=\"wp-block-embed is-type-video is-provider-youtube wp-block-embed-youtube wp-embed-aspect-16-9 wp-has-aspect-ratio\"><div class=\"wp-block-embed__wrapper\">\n<iframe title=\"Apresenta\u00e7\u00e3o Sistema Ommini [ Tecnoweb Inform\u00e1tica ]\" width=\"500\" height=\"281\" src=\"https:\/\/www.youtube.com\/embed\/Vn5VfAh6wrM?feature=oembed\" frameborder=\"0\" allow=\"accelerometer; autoplay; clipboard-write; encrypted-media; gyroscope; picture-in-picture; web-share\" allowfullscreen><\/iframe>\n<\/div><\/figure>\n\n\n\n<p>Agende agora mesmo uma demonstra\u00e7\u00e3o com nossa equipe comercial e descubra como o Ommini oferece diversos relat\u00f3rios e gr\u00e1ficos, incluindo um comparativo espec\u00edfico de vendas de um produto nos \u00faltimos 4 dias da semana. Descubra o poder do Ommini e conquiste o controle total do seu neg\u00f3cio com uma gest\u00e3o eficiente e assertiva!<\/p>\n","protected":false},"excerpt":{"rendered":"<p><strong>Controle Sua Empresa Atrav\u00e9s Da Nuvem (Internet).<br \/><\/strong><\/p>\n<p>N\u00e3o deixe mais dinheiro escapar! <br \/><strong>Tenha o controle total da sua loja<\/strong> com o melhor sistema de Business Intelligence (BI) do Brasil para o com\u00e9rcio varejista. Criado em 2012, o Ommini evolui constantemente, auxiliando empres\u00e1rios do varejo em suas tomadas de decis\u00e3o. Diferente de outros aplicativos gen\u00e9ricos, buscamos implantar para cada nicho e realidade uma solu\u00e7\u00e3o sob medida. Acompanhe vendas, metas, departamentos, ticket m\u00e9dio, CMV, faturamento, clientes, mark-up, curva ABC,ROI, ruptura e muito mais.\u00a0<\/p>\n<p><strong>\u00a0<\/strong><\/p>\n","protected":false},"featured_media":336,"comment_status":"open","ping_status":"closed","template":"","meta":[],"product_cat":[82,81],"product_tag":[],"_links":{"self":[{"href":"https:\/\/loja.tecnoweb.com.br\/index.php\/wp-json\/wp\/v2\/product\/289"}],"collection":[{"href":"https:\/\/loja.tecnoweb.com.br\/index.php\/wp-json\/wp\/v2\/product"}],"about":[{"href":"https:\/\/loja.tecnoweb.com.br\/index.php\/wp-json\/wp\/v2\/types\/product"}],"replies":[{"embeddable":true,"href":"https:\/\/loja.tecnoweb.com.br\/index.php\/wp-json\/wp\/v2\/comments?post=289"}],"wp:featuredmedia":[{"embeddable":true,"href":"https:\/\/loja.tecnoweb.com.br\/index.php\/wp-json\/wp\/v2\/media\/336"}],"wp:attachment":[{"href":"https:\/\/loja.tecnoweb.com.br\/index.php\/wp-json\/wp\/v2\/media?parent=289"}],"wp:term":[{"taxonomy":"product_cat","embeddable":true,"href":"https:\/\/loja.tecnoweb.com.br\/index.php\/wp-json\/wp\/v2\/product_cat?post=289"},{"taxonomy":"product_tag","embeddable":true,"href":"https:\/\/loja.tecnoweb.com.br\/index.php\/wp-json\/wp\/v2\/product_tag?post=289"}],"curies":[{"name":"wp","href":"https:\/\/api.w.org\/{rel}","templated":true}]}}